he hundreds digit of (16/(-3)*(-81)/4)/((-177)/(-590))?
3
What is the thousands digit of 5271/2*176/66?
7
Let q(g) = 1024*g + 208. What is the thousands digit of q(5)?
5
Let n(a) = -a**3 + 4*a**2 - 2*a - 2. Let g be n(2). Suppose -j = g*p - 220, 328 = p + 2*p + j. Let v = p + -23. What is the tens digit of v?
8
Let d(f) = 25*f**2 + 34*f - 152. Suppose 0 = 27*m - 162 + 27. What is the hundreds digit of d(m)?
6
Let o(h) = -77*h - 4 + 31*h + 29*h + 26*h. What is the units digit of o(8)?
8
Let d(p) = -p**3 - 2*p**2 - 4*p - 56. Let f = 414 + -424. What is the units digit of d(f)?
4
Suppose -1962 = -5*v + 3*w + 1002, -1184 = -2*v + 2*w. Let r = -242 + v. What is the hundreds digit of r?
3
Suppose 210*j - 3117684 - 16390056 = 0. What is the thousands digit of j?
2
Let t(f) = 140*f**2 - 19*f - 3. What is the units digit of t(2)?
9
Suppose 14*n = 12*n + 1158. Let d = -51 + n. What is the units digit of d?
8
Let m(x) = 3*x + 34. Let a be m(-10). Suppose a*f - 1117 - 579 = -2*g, -2*f + g = -848. What is the hundreds digit of f?
4
Suppose 17*b = 26*b - 1188. What is the units digit of (-253 + b/(-11))*(-1 - 0)?
5
Suppose -68496 + 14682 = -5*n + f, 0 = -2*n - 5*f + 21558. What is the thousands digit of n?
0
Let i(w) = 2*w**3 - 31*w**2 - 15*w + 15. Let g be i(16). Let x(t) = t**2 + 9*t + 28. Let q be x(-7). Let k = g + q. What is the units digit of k?
5
Let m = -4 + 74. Suppose -69 = 6*i - 405. Let u = m - i. What is the units digit of u?
4
Let r = 22665 + -11822. What is the hundreds digit of r?
8
Suppose -223398 = 22*v + 43*v - 74*v. What is the units digit of v?
2
Suppose 6 = -h + 9. Suppose -4*z - 67 = 2*j + j, 0 = h*z + 5*j + 42. Let u = z + 42. What is the tens digit of u?
2
Let b = 317 - -8219. What is the tens digit of b?
3
Let z(i) = -17938*i + 59. What is the units digit of z(-1)?
7
Let x be -5 - 158/(-22) - (-16)/(-88). Suppose -2*h + 174 = x*f, f + 4*h - 7*h - 103 = 0. What is the tens digit of f?
9
Let w(b) = b**3 + 2*b**2 - 3*b + 4. Let q be w(-3). Suppose q*k = 2*k + 4. Suppose -k*i - 826 = -9*i. What is the tens digit of i?
1
Suppose -408 = 14*f - 6*f. Let y = -84 - f. Let b = y - -110. What is the units digit of b?
7
Suppose 0 = -3*t - 3*i + 8793, -t = -5*i - 204 - 2715. What is the hundreds digit of t?
9
Let z(a) = 57*a**3 + 2*a**2 + a + 1. Let t be z(-1). Let o = t - -314. What is the units digit of o?
9
Let a = 352 - 364. What is the tens digit of ((-407)/(-4) + a)*(1 + 3)?
5
Let c be (1/3)/(1975/(-330) - -6). Let g = 24 - c. Suppose -g*z - 16 + 94 = 0. What is the tens digit of z?
3
Suppose 4*n - 14 = -6. Suppose n*l - 362 = -a, -a = -4*l - l - 362. What is the tens digit of a?
6
Suppose -95174 = -10*k + 5*k + 87196. What is the thousands digit of k?
6
Suppose 0 = 60*z - 44*z - 48. Suppose 9*j = 4*j + 1180. Suppose -z*h + j - 56 = 0. What is the tens digit of h?
6
Suppose 774 = 8*n - 682. Let r = n - -272. What is the hundreds digit of r?
4
Let a be -16 - ((-14 - 5) + 4). Let q(y) = y**3 + 7*y**2 - y - 8. Let l be q(-6). What is the hundreds digit of (232 - l) + (-1 - (a - 1))?
1
Let f(b) = 23*b**2 - 160*b - 2. Let m be f(7). Suppose -k = -22*j + 23*j - 828, -m = -5*j. What is the hundreds digit of k?
8
Let z(t) = 3*t**2 - 25*t - 8. Let r be z(9). What is the units digit of 416 + 25/r*8/(-5)?
2
Let g = 105521 - 59655. What is the tens digit of g?
6
Suppose -l = 4*y - 40114 + 15625, -2*y + 2*l = -12252. What is the tens digit of y?
2
What is the units digit of (-1620)/1890 - (-489998)/14?
9
Let t(x) = 113*x**2 + 6*x - 375. What is the units digit of t(14)?
7
Suppose 0 = -5*d + 5*w + 45, 2 - 37 = -3*d + w. Let p = 825 - 810. Suppose -p*c + d*c + 66 = 0. What is the units digit of c?
3
Suppose -284*f - 1531250 = -354*f. What is the thousands digit of f?
1
Suppose -37*s + 1819165 = -837509. What is the thousands digit of s?
1
Let w be (16/(-3))/(28/(-42)). Suppose -5*u + 3*n + 820 = w*n, 334 = 2*u - 4*n. What is the units digit of u?
5
Let h(c) = 40*c - 38. Let q be h(10). Let t = -65 + q. What is the hundreds digit of t?
2
Suppose 5*k - 35 = -4*h - 0*k, k = 3. What is the tens digit of h + (-785)/(-10)*6?
7
Suppose 5*w - 213938 = -3*t, 567*t - 569*t + 5*w + 142667 = 0. What is the thousands digit of t?
1
Let n(d) = -d**3 - 5*d**2 + 8*d. Suppose 5*z + 59 = 3*x, 5*x - 17 + 2 = 0. Let s be n(z). Suppose -7*b + 3*b + s = 0. What is the units digit of b?
5
Let h(g) = -4159*g - 6564. What is the thousands digit of h(-7)?
2
Let y be 3/1 - 138/23. Let n(c) = -180*c - 35. What is the hundreds digit of n(y)?
5
Suppose 317712 = 4*n + 152*p - 150*p, -3*p + 238293 = 3*n. What is the thousands digit of n?
9
Let x(k) = -k**2 - 2*k**3 - 5*k**2 + k**3 + 6 - 3*k - 2*k**2. Let n be x(-6). Let c = n + 83. What is the tens digit of c?
3
Let c = 59 + -48. Suppose 3*j + 2*o = -c, -2*j = -4*o + 5*o + 7. What is the units digit of ((-2)/(-6))/(j/(-783))?
7
Let o = 24 - 19. Suppose 5*k + 15 = 0, 0 = o*t - 11*k + 7*k - 4982. What is the hundreds digit of t?
9
Let t = 1040 + -1754. Let a = 563 - t. What is the hundreds digit of a?
2
Suppose -4*m + 6453 = q, -5*q + 2*m + 31767 = -564. What is the thousands digit of q?
6
Let t(f) = -880*f + 1944. What is the ten thousands digit of t(-25)?
2
Suppose 2*a + 3*q = 7*q + 6, -2*a - 3*q + 6 = 0. Suppose 2*r - 5*r = -a. What is the tens digit of 10/(-25) + ((-412)/(-5) - r)?
8
Suppose -71*q + 66*q = -20. Suppose 4*j = 5*f + 2*j, 0 = q*j. Suppose f = -4*b + 3*b + 110. What is the tens digit of b?
1
Let i be (101*-5)/(-5)*1. Let l = 182 - 203. Let z = i + l. What is the units digit of z?
0
Suppose -14*h - 8 = -16*h. Suppose 8*m - h*m - 4 = 0. Let r(v) = 64*v**2. What is the tens digit of r(m)?
6
Suppose 8862*v = 8896*v - 374204. What is the tens digit of v?
0
Let v = 5962 + -4074. What is the hundreds digit of v?
8
Suppose 5*d = -211 + 181, -32692 = -5*i - 3*d. What is the tens digit of i?
4
Suppose 318924 = 160*w - 133*w. What is the thousands digit of w?
1
Let z(b) = 4*b**2 + 24*b + 211. What is the tens digit of z(-7)?
3
Suppose 4*g = 4*d - 43644, -4*d + 28*g = 18*g - 43668. What is the tens digit of d?
0
What is the tens digit of 2/(-25) - (26 - 12348258/725)?
0
Suppose 2*g - 2*m - 56448 = 0, 75*g - 74*g + 2*m - 28245 = 0. What is the hundreds digit of g?
2
Let n be ((-2000)/64)/(2/(-8)). Suppose 0 = -j + n + 103. What is the hundreds digit of j?
2
Suppose -54 - 188 = -2*y. What is the tens digit of (2 - 18/8) + y/4?
3
Suppose 17*f + 7*f - 56294 = 137554. What is the tens digit of f?
7
Let q = 32793 - 14589. What is the units digit of q?
4
Let k be (2 - -10)/(-3)*1/(-2). Suppose 4*x - k*c - 15 = 153, -3*c = x - 56. Suppose -x = -9*j + 8*j. What is the units digit of j?
4
Suppose 6*j - 67473 = 38835. What is the hundreds digit of j?
7
Let h = 46 - 39. Suppose h*g - 4*g + 4*k = 701, 3*k = -4*g + 944. What is the units digit of g?
9
Let h be (32 + -33)/((-2)/8). Suppose c = 5*l - 1873, 1502 = h*l - 0*c - 2*c. What is the units digit of l?
4
Let s = 63091 + -27485. What is the hundreds digit of s?
6
Suppose 16*q - 14*q - 3*s - 1077 = 0, 5*s - 2755 = -5*q. Let l = q - 467. What is the tens digit of l?
7
Let t(d) = 116*d + 229. What is the units digit of t(41)?
5
Let s = 5531 - -2771. What is the tens digit of s?
0
Let z be 0/(-2) + -17 - 3*-1. What is the units digit of (-8 - z)/6*154/2?
7
Let p(y) = y**3 - 2*y**2 - 9*y - 4. Let j(t) = t - 4. Let v be j(7). Let h be v/((-28)/(-24) - 6/9). What is the tens digit of p(h)?
8
Let y = 23 - 25. Let x = y + 2. Suppose -2*d + 0*d + 172 = x. What is the units digit of d?
6
What is the thousands digit of (-2)/(-6) - (-23)/(-15) - (-38646)/5?
7
Let d(m) = 6*m + 24. Suppose 2*q = 5*j - 125, -5*j - 2*q + 100 = q. Suppose 2*o - j = -3*x, -2*o = -2*x - 0*x - 8. What is the tens digit of d(o)?
6
Let k be (2 - -3) + (-2)/(-1). Suppose -330 = -k*v + 4*v. Suppose v = 6*m - 280. What is the units digit of m?
5
Suppose 2038 = 4*k + 3*p, -3*k - 1528 = -6*k - 2*p. Suppose -5*n + 2656 = -4*z, 0 = -n + 2*n + 5*z - k. What is the units digit of n?
8
Suppose -4*b + 4*h + 475 = -2213, -2*h = 2*b - 1324. Suppose -7*u + 2*u = -4*f + 831, 3*f + 5*u - b = 0. What is the tens digit of f?
1
What is the tens digit of (-66)/55*((-44)/8 - -3) + 3173?
7
Let o(a) = 204*a - 1867. What is the thousands digit of o(1